ive r(-6).
3
Let t be 4/4 - (-1 + 4). Let n(l) = 4*l**2 + l - 2. Give n(t).
12
Let p(f) = 2*f - 2. Let h be p(11). Let u(s) = s - 13 + 5 + h. What is u(-7)?
5
Let l(f) = f + 3. Suppose -2*j - 4*y - y = 18, -5*j = -3*y + 14. Give l(j).
-1
Suppose 0 = 3*x + s + 2, 3*x - 2*s + 7*s = -10. Let q(r) = r**3 + r**2 + r - 9. What is q(x)?
-9
Let i(l) = l**2 - l - 2. Suppose 3*s + 3 - 9 = 0. Let y be 4*(s - 3/2). Suppose -y*b = -b. Calculate i(b).
-2
Let x(o) be the second derivative of -5*o**3/6 - o**2 - 9*o. Give x(2).
-12
Let j be (3 - 4)*-1 + 0. Let o(c) = -c - 1. Let z(t) = t**3 + 6*t**2 - 10. Let f(a) = j*z(a) - 5*o(a). Calculate f(-5).
-5
Let i(c) be the second derivative of c**4/12 - 7*c**3/6 + 3*c**2 - 12*c. Calculate i(6).
0
Let u = 7 + -9. Let q(a) = -2*a**3 - 3*a**2 + 1. Determine q(u).
5
Let r(c) = c**3 + c. Let q(j) = 5*j**3 + 11*j**2 - 2*j - 14. Let d(s) = -q(s) + 6*r(s). Determine d(10).
-6
Let z(u) = u**2. Let a be 3 + -2 + 12/2. Let x = a + -4. Let f(h) = h**3 - 2*h**2 + 1. Let q(w) = x*z(w) + f(w). Give q(0).
1
Let m be -1 + 0 + (-2 - -5). Let x(l) = -4*l - 1. What is x(m)?
-9
Let q(v) be the first derivative of 5*v**3/3 + 5*v**2/2 - v + 2. Let w(m) = -9*m**2 - 10*m + 3. Let p(r) = -11*q(r) - 6*w(r). Determine p(5).
-7
Let x = -109 + 109. Let n(s) = -s**2 - 1. Let u(v) = -5*v**2 - 3. Let c(z) = -6*n(z) + u(z). Give c(x).
3
Let d(x) = x**2 + 1 - 3*x**2 - 3*x**3 - x**3 - 2*x**3. Let g be 2/(-1) - (-1)/1. Give d(g).
5
Let r(t) = -t**2 - 2*t + 3. Let j(b) = 3*b**2 + 5*b - 10. Let s(m) = 2*j(m) + 7*r(m). What is s(-2)?
5
Let t = 0 + 3. Suppose c + t*y = 0, -6 = -c + y + 2*y. Let g(m) = 3*m + m - 4 - 2 + c*m**2 - m**3. Give g(4).
-6
Let x(t) = -t**3 + 5*t**2 + 4*t + 2. Suppose 4*z = w + 25, 0 = 2*z - 7*z + 2*w + 32. Calculate x(z).
-10
Suppose -5*u = b + 90, 3*b + 28 = -2*u + b. Let k = u + 21. Let a(t) be the second derivative of -t**5/20 + t**4/4 - t. Give a(k).
4
Let m(y) = -y**2 + 7*y - 7. Let p be m(5). Let b(j) be the second derivative of -j**p + 3/2*j**2 + 0 + 1/20*j**5 - 3*j - 1/3*j**4. Determine b(5).
-2
Suppose 3 = -4*a - 17. Let k(j) = -4*j**2 + 2 - 15*j**3 + 6*j + 14*j**3 + 2. What is k(a)?
-1
Let h(l) = -5*l. Let w(b) = 6*b + 1. Let o(g) = -7*h(g) - 6*w(g). Let q(a) = -a**2 - 9*a - 17. Let k be q(-7). What is o(k)?
-3
Let n(m) be the first derivative of 0*m**5 + 2/3*m**3 + 0*m**4 - 1 + 0*m + 0*m**2 - 1/72*m**6. Let j(z) be the third derivative of n(z). Determine j(-1).
-5
Let b(d) = -d**3 + d - 1. Suppose 0 = -3*t - 5*h - 22, 5*t + 0*h = h + 10. Let v = t + -1. Suppose 2*o - 4*m = -o + 20, -5*o - 2*m - 10 = v. What is b(o)?
-1
Let q(k) = -k**2 + k - 1. Let h(p) = p**2 + 2*p - 3. Let f(l) = -h(l) + 3*q(l). Give f(1).
-3
Let v(s) = -s - 1. Let l(m) = 2*m**2 + m. Let c(q) = -q**3 - 6*q - 1 - 5*q**3 - 6*q**2 + 5*q**3. Let x be c(-5). Let z(u) = x*v(u) + l(u). What is z(3)?
5
Let y(a) = -a - 4. Let d be y(-8). Suppose 2*q + 12 = 4*f, 3*f + q = -q + 9. Let c = d - f. Let v(u) = 6*u**3 + u**2 - 2*u + 1. Give v(c).
6
Let t(p) = p**2 + 6*p + 2. Let j be (-24)/30 - (-42)/(-10). Calculate t(j).
-3
Let f(r) = 5*r + 5. Let z(t) = -1. Let g(h) = -f(h) - 5*z(h). Suppose y + 0*y + 2*a - 4 = 0, 0 = 5*y + a + 16. Let u(j) = j + 5. Let i be u(y). Determine g(i).
-5
Let y = 2 + -2. Let m(c) be the third derivative of 1/30*c**5 + 1/6*c**3 + 0*c + y + 7/120*c**6 + 2*c**2 + 1/12*c**4. Give m(-1).
-6
Let p(u) = u**2 + 11*u + 15. Suppose -140 = 2*x + 12*x. What is p(x)?
5
Let h(w) = -7*w - 2. Suppose 15*x = x - 42. Give h(x).
19
Suppose 5 = 4*n - 2*t + 1, -23 = -n - 5*t. Let w(z) = -z**2 - 5 - n - z + 0*z. Give w(0).
-8
Let v(m) = 14*m**2 - 7*m + 7. Let l(w) = -5*w**2 + 2*w - 2. Let f(s) = -11*l(s) - 4*v(s). Suppose -13*k - 2*x = -12*k + 2, -3*x - 9 = 0. What is f(k)?
2
Suppose 5*d - 10 - 15 = 0, 3*g - 3*d + 36 = 0. Let x = g - -11. Let y(u) = -u**3 + 3*u**2 + 5*u + 2. Calculate y(x).
6
Let q(v) = -v**2 - 8*v - 7. Suppose 0 = -t + 3*t + 22. Let i = t - -5. What is q(i)?
5
Let b(n) = -n**2 + 5*n - 6. Suppose 0 = x - 2 - 0. Suppose x = 4*z - 14. Calculate b(z).
-2
Let p(d) = 1 - 1 + 0 + d. What is p(-1)?
-1
Let q(j) = j - 4. Let z(o) = -2*o + 12. Let m(p) = 11*q(p) + 4*z(p). Determine m(-6).
-14
Suppose -3*f + 38 = f - h, 3*f + 2*h - 23 = 0. Let w be f - (1 - (-4 - -2)). Let s(u) = -u**3 + 6*u**2 + 4. Determine s(w).
4
Let j(v) = v**2 + 7*v - 2. Suppose 2*c + 0*m + 26 = 4*m, 0 = 3*c - 3*m + 27. Determine j(c).
-12
Let i(s) = -s**2 + 2*s - 5. Let k(z) = z**2 - 5*z + 9. Let m(p) = -5*i(p) - 3*k(p). Let o be m(-3). Let l(c) = 5*c + 1. Determine l(o).
6
Let i = -219 - -216. Let v(d) = -d + 1. What is v(i)?
4
Suppose -6 = 8*d - 11*d. Let n(b) = 3*b**2 + 9*b. Let z(o) = -8*o**2 - 26*o. Let k(f) = -17*n(f) - 6*z(f). What is k(d)?
-6
Let o(q) = 1 + 3*q - 6*q + 0*q. Let j(g) be the third derivative of g**4/24 - 3*g**3/2 - 3*g**2. Let x be j(10). What is o(x)?
-2
Let g(z) = 2*z**2 + z. Let h be g(-2). Let n(b) = 6*b - 7. Let u(k) = -5*k + 7. Let q(d) = -2*n(d) - 3*u(d). What is q(h)?
11
Let v(c) = c**2 + 7*c + 5. Let l be v(-2). Let q(w) = w**3 + 4*w**2 - 6*w + 2. Determine q(l).
7
Let z(l) = -2*l - 3. Let i be z(-3). Suppose i*h - 52 = -16. Let v be 3*(2 + h/(-9)). Let o(m) = -m**2 - m - 1. What is o(v)?
-7
Suppose -2*w - w - 3 = 0. Let a(u) be the third derivative of -u**4/12 - 5*u**2. Determine a(w).
2
Let l(t) = -42*t**3 + 2 + 87*t**3 - 46*t**3. Give l(0).
2
Let n(c) be the third derivative of -c**5/60 - c**4/8 - c**3/6 - 17*c**2. Suppose 3*z - 9 = 4*p - 24, -5*p = -z - 16. Calculate n(z).
1
Suppose 0 = v - 2*y + 4, v - 6*y + 5*y = 1. Let a(w) = -w**3 + 7*w**2 - 7*w + 8. Calculate a(v).
2
Suppose 0 = 5*w - 1 - 14. Let j(u) = 0*u + 1 - 8*u + 7*u + 5*u**2 - u**w + 3*u. Determine j(5).
11
Suppose -40 + 112 = 12*k. Let c(l) be the third derivative of l**6/120 - l**5/12 - l**4/6 - 7*l**3/6 + l**2. Determine c(k).
5
Let z(b) = -14*b**2 + 11*b - 7. Let a(v) be the third derivative of 1/12*v**5 + 2*v**2 + 0 - 1/6*v**4 + 1/3*v**3 + 0*v. Let k(j) = -11*a(j) - 4*z(j). Give k(0).
6
Let u be (1/2)/(10/20). Let s(r) = r + 5*r**2 + 0*r**2 + 0*r**2 - u + r**2. Determine s(1).
6
Let q = 29 - 17. Let j(p) = 3 - q - 3*p + 2*p. Let a be 17/(102/24) + -9. Determine j(a).
-4
Let o(g) = 3*g**2 - 4*g + 3. Let h(j) = 7*j - 2*j**2 - 5 - 2*j**2 - j. Let a(k) = 5*h(k) + 7*o(k). Determine a(3).
11
Let y(f) = -f**3 - 4*f**2 - 3*f + 2. Let b = 9 - 21. Let u be b/(-18) + 16/(-6). Let i be (3/(-4))/(u/(-8)). Calculate y(i).
2
Let r(n) = -3*n + 4. Suppose -d = -4, -u - 4 = 3*u - d. Suppose u = 5*c - 7 - 13. Suppose -2*t + 2*k = -2*k - 22, 7 = -3*t - c*k. What is r(t)?
-5
Let o(g) = -g**2 + 7*g - 6. Let q = 17 + -11. Suppose 3*d + d - u = 18, u = -2*d + q. What is o(d)?
6
Let h(q) = -q**2 - 3*q - 1. Let c = -10 + 21. Suppose 2 + c = -p. Let d = p + 9. Determine h(d).
-5
Let b(t) be the first derivative of t**6/360 - t**5/30 - t**4/8 + t**3 + 1. Let f(l) be the third derivative of b(l). Give f(-2).
9
Let g(q) = -26*q + 7*q**2 + 32*q - 2 - 1. Let k(j) = -j**2 + 1. Let f(z) = g(z) + 6*k(z). Calculate f(-2).
-5
Let g(x) be the first derivative of x**3 + x - 20. Let j(p) = -p + 1. Let y be j(4). Let s = -5 - y. Calculate g(s).
13
Let u(n) = -n**3 + 6*n**2 - 4*n - 3. Let r be u(5). Suppose r = 2*m - 0. Let f(p) = p**3 - 2*p + 1. Determine f(m).
0
Suppose 2 + 2 = 2*l. Let w(j) = 4 + 1 - j**3 + 5*j**l - 2*j + j. Suppose 3*x - 7*x + 19 = 3*d, d + 2*x - 7 = 0. What is w(d)?
0
Suppose 0 = -o - 3*t - 0*t - 1, -4*o + 5*t + 13 = 0. Suppose -o*g + 8 = 2*g. Let s(z) = -4*z - 1. What is s(g)?
-9
Let u(n) = 2*n**2 + 2*n. Let q be u(-2). Let f(b) = 4 + 7*b + b + 1 - q*b. What is f(-4)?
-11
Let o(i) = -27*i + 34. Let g(v) = -5*v + 7. Let h(n) = 11*g(n) - 2*o(n). Determine h(6).
3
Let u(q) = -q - 8. Suppose 0 = 12*h - 15*h + 18. Give u(h).
-14
Let l be ((-4)/6)/((-1)/(-6)). Let i(u) = 3*u**3 - 8*u**2 - u - 18. Let f(k) = k**3 - 3*k**2 - 6. Let a(r) = -17*f(r) + 6*i(r). What is a(l)?
2
Let c(p) = p**3 - 4*p**2 - 4*p + 7. Suppose -f + 4 = -1. Determine c(f).
12
Let b be (-4)/(-6)*(-3)/(-2). Let f(s) = 5*s**3 + s**2 - s + 1. Let g be f(b). Let q(i) = -i - 3 + 3 + g. Determine q(-5).
11
Let l(v) = -v**3 - 11*v + 7. Let a(n) = -n**2 + n - 1. Let u(o) = 6*a(o) + l(o). What is u(-5)?
1
Let c(t) be the third derivativ